[INFO] fetching crate event_dispatcher 0.0.2...
[INFO] checking event_dispatcher-0.0.2 against try#72f88fc4e9458f89516a0b8b0868f3718aec5b47 for pr-74989
[INFO] extracting crate event_dispatcher 0.0.2 into /workspace/builds/worker-7/source
[INFO] validating manifest of crates.io crate event_dispatcher 0.0.2 on toolchain 72f88fc4e9458f89516a0b8b0868f3718aec5b47
[INFO] running `Command { std: "/workspace/cargo-home/bin/cargo" "+72f88fc4e9458f89516a0b8b0868f3718aec5b47" "read-manifest" "--manifest-path" "Cargo.toml", kill_on_drop: false }`
[INFO] started tweaking crates.io crate event_dispatcher 0.0.2
[INFO] finished tweaking crates.io crate event_dispatcher 0.0.2
[INFO] tweaked toml for crates.io crate event_dispatcher 0.0.2 written to /workspace/builds/worker-7/source/Cargo.toml
[INFO] running `Command { std: "/workspace/cargo-home/bin/cargo" "+72f88fc4e9458f89516a0b8b0868f3718aec5b47" "generate-lockfile" "--manifest-path" "Cargo.toml" "-Zno-index-update", kill_on_drop: false }`
[INFO] running `Command { std: "/workspace/cargo-home/bin/cargo" "+72f88fc4e9458f89516a0b8b0868f3718aec5b47" "fetch" "--locked" "--manifest-path" "Cargo.toml", kill_on_drop: false }`
[INFO] running `Command { std: "docker" "create" "-v" "/var/lib/crater-agent-workspace/builds/worker-7/target:/opt/rustwide/target:rw,Z" "-v" "/var/lib/crater-agent-workspace/builds/worker-7/source:/opt/rustwide/workdir:ro,Z" "-v" "/var/lib/crater-agent-workspace/cargo-home:/opt/rustwide/cargo-home:ro,Z" "-v" "/var/lib/crater-agent-workspace/rustup-home:/opt/rustwide/rustup-home:ro,Z" "-e" "SOURCE_DIR=/opt/rustwide/workdir" "-e" "CARGO_TARGET_DIR=/opt/rustwide/target" "-e" "CARGO_HOME=/opt/rustwide/cargo-home" "-e" "RUSTUP_HOME=/opt/rustwide/rustup-home" "-w" "/opt/rustwide/workdir" "-m" "1610612736" "--user" "0:0" "--network" "none" "rustops/crates-build-env@sha256:d92eaeed33fa75130ca1ee6c8a01d1ffb62bac859dfdfb3450e3e5d1c0146529" "/opt/rustwide/cargo-home/bin/cargo" "+72f88fc4e9458f89516a0b8b0868f3718aec5b47" "metadata" "--no-deps" "--format-version=1", kill_on_drop: false }`
[INFO] [stdout] c3d49f10f2c0f0f3d21c04cf2610a8cdce37b6a6bfa1fc4dd12bb8b0b7d7e597
[INFO] [stderr] WARNING: Your kernel does not support swap limit capabilities or the cgroup is not mounted. Memory limited without swap.
[INFO] running `Command { std: "docker" "start" "-a" "c3d49f10f2c0f0f3d21c04cf2610a8cdce37b6a6bfa1fc4dd12bb8b0b7d7e597", kill_on_drop: false }`
[INFO] running `Command { std: "docker" "inspect" "c3d49f10f2c0f0f3d21c04cf2610a8cdce37b6a6bfa1fc4dd12bb8b0b7d7e597", kill_on_drop: false }`
[INFO] running `Command { std: "docker" "rm" "-f" "c3d49f10f2c0f0f3d21c04cf2610a8cdce37b6a6bfa1fc4dd12bb8b0b7d7e597", kill_on_drop: false }`
[INFO] [stdout] c3d49f10f2c0f0f3d21c04cf2610a8cdce37b6a6bfa1fc4dd12bb8b0b7d7e597
[INFO] running `Command { std: "docker" "create" "-v" "/var/lib/crater-agent-workspace/builds/worker-7/target:/opt/rustwide/target:rw,Z" "-v" "/var/lib/crater-agent-workspace/builds/worker-7/source:/opt/rustwide/workdir:ro,Z" "-v" "/var/lib/crater-agent-workspace/cargo-home:/opt/rustwide/cargo-home:ro,Z" "-v" "/var/lib/crater-agent-workspace/rustup-home:/opt/rustwide/rustup-home:ro,Z" "-e" "SOURCE_DIR=/opt/rustwide/workdir" "-e" "CARGO_TARGET_DIR=/opt/rustwide/target" "-e" "CARGO_INCREMENTAL=0" "-e" "RUST_BACKTRACE=full" "-e" "RUSTFLAGS=--cap-lints=forbid" "-e" "CARGO_HOME=/opt/rustwide/cargo-home" "-e" "RUSTUP_HOME=/opt/rustwide/rustup-home" "-w" "/opt/rustwide/workdir" "-m" "1610612736" "--user" "0:0" "--network" "none" "rustops/crates-build-env@sha256:d92eaeed33fa75130ca1ee6c8a01d1ffb62bac859dfdfb3450e3e5d1c0146529" "/opt/rustwide/cargo-home/bin/cargo" "+72f88fc4e9458f89516a0b8b0868f3718aec5b47" "check" "--frozen" "--all" "--all-targets" "--message-format=json", kill_on_drop: false }`
[INFO] [stdout] 43e7919477d17b597877b2dda9b0429f0ffa7619def78d73cbb29c79dea373aa
[INFO] [stderr] WARNING: Your kernel does not support swap limit capabilities or the cgroup is not mounted. Memory limited without swap.
[INFO] running `Command { std: "docker" "start" "-a" "43e7919477d17b597877b2dda9b0429f0ffa7619def78d73cbb29c79dea373aa", kill_on_drop: false }`
[INFO] [stderr]     Checking event_dispatcher v0.0.2 (/opt/rustwide/workdir)
[INFO] [stdout] error[E0432]: unresolved import `std::intrinsics::TypeId`
[INFO] [stdout]  --> src/dispatcher.rs:5:5
[INFO] [stdout]   |
[INFO] [stdout] 5 | use std::intrinsics::TypeId;
[INFO] [stdout]   |     ^^^^^^^^^^^^^^^^^^^^^^^ no `TypeId` in `intrinsics`
[INFO] [stdout] 
[INFO] [stdout] 
[INFO] [stdout] error[E0432]: unresolved import `std::intrinsics::TypeId`
[INFO] [stdout]  --> src/dispatcher.rs:5:5
[INFO] [stdout]   |
[INFO] [stdout] 5 | use std::intrinsics::TypeId;
[INFO] [stdout]   |     ^^^^^^^^^^^^^^^^^^^^^^^ no `TypeId` in `intrinsics`
[INFO] [stdout] 
[INFO] [stdout] 
[INFO] [stdout] error[E0392]: parameter `T` is never used
[INFO] [stdout]    --> src/dispatcher.rs:107:36
[INFO] [stdout]     |
[INFO] [stdout] 107 | pub struct Dispatcher<E: Event<T>, T: ?Sized> {
[INFO] [stdout]     |                                    ^ unused parameter
[INFO] [stdout]     |
[INFO] [stdout]     = help: consider removing `T`, referring to it in a field, or using a marker such as `PhantomData`
[INFO] [stdout] 
[INFO] [stdout] 
[INFO] [stdout] error[E0392]: parameter `T` is never used
[INFO] [stdout]  --> src/listener.rs:3:34
[INFO] [stdout]   |
[INFO] [stdout] 3 | pub struct Listener<E: Event<T>, T: ?Sized>{
[INFO] [stdout]   |                                  ^ unused parameter
[INFO] [stdout]   |
[INFO] [stdout]   = help: consider removing `T`, referring to it in a field, or using a marker such as `PhantomData`
[INFO] [stdout] 
[INFO] [stdout] 
[INFO] [stdout] error: aborting due to 3 previous errors
[INFO] [stdout] 
[INFO] [stdout] 
[INFO] [stdout] Some errors have detailed explanations: E0392, E0432.
[INFO] [stdout] 
[INFO] [stdout] For more information about an error, try `rustc --explain E0392`.
[INFO] [stdout] 
[INFO] [stderr] error: could not compile `event_dispatcher`.
[INFO] [stderr] 
[INFO] [stderr] To learn more, run the command again with --verbose.
[INFO] [stderr] warning: build failed, waiting for other jobs to finish...
[INFO] [stdout] error[E0392]: parameter `T` is never used
[INFO] [stdout]    --> src/dispatcher.rs:107:36
[INFO] [stdout]     |
[INFO] [stdout] 107 | pub struct Dispatcher<E: Event<T>, T: ?Sized> {
[INFO] [stdout]     |                                    ^ unused parameter
[INFO] [stdout]     |
[INFO] [stdout]     = help: consider removing `T`, referring to it in a field, or using a marker such as `PhantomData`
[INFO] [stdout] 
[INFO] [stdout] 
[INFO] [stdout] error[E0392]: parameter `T` is never used
[INFO] [stdout]  --> src/listener.rs:3:34
[INFO] [stdout]   |
[INFO] [stdout] 3 | pub struct Listener<E: Event<T>, T: ?Sized>{
[INFO] [stdout]   |                                  ^ unused parameter
[INFO] [stdout]   |
[INFO] [stdout]   = help: consider removing `T`, referring to it in a field, or using a marker such as `PhantomData`
[INFO] [stdout] 
[INFO] [stdout] 
[INFO] [stdout] error: aborting due to 3 previous errors
[INFO] [stdout] 
[INFO] [stdout] 
[INFO] [stdout] Some errors have detailed explanations: E0392, E0432.
[INFO] [stdout] 
[INFO] [stdout] For more information about an error, try `rustc --explain E0392`.
[INFO] [stdout] 
[INFO] [stderr] error: build failed
[INFO] running `Command { std: "docker" "inspect" "43e7919477d17b597877b2dda9b0429f0ffa7619def78d73cbb29c79dea373aa", kill_on_drop: false }`
[INFO] running `Command { std: "docker" "rm" "-f" "43e7919477d17b597877b2dda9b0429f0ffa7619def78d73cbb29c79dea373aa", kill_on_drop: false }`
[INFO] [stdout] 43e7919477d17b597877b2dda9b0429f0ffa7619def78d73cbb29c79dea373aa
